{"id":221,"date":"2020-03-04T11:27:16","date_gmt":"2020-03-04T11:27:16","guid":{"rendered":"https:\/\/demo.casethemes.net\/alico\/?page_id=221"},"modified":"2021-10-18T15:02:40","modified_gmt":"2021-10-18T18:02:40","slug":"pacotes","status":"publish","type":"page","link":"https:\/\/brasilturoperadora.com.br\/site\/index.php\/pacotes\/","title":{"rendered":"Pacotes"},"content":{"rendered":"\t\t<div data-elementor-type=\"wp-page\" data-elementor-id=\"221\" class=\"elementor elementor-221\" data-elementor-settings=\"[]\">\n\t\t\t\t\t\t\t<div class=\"elementor-section-wrap\">\n\t\t\t\t\t        <section class=\"elementor-section elementor-inner-section elementor-element elementor-element-33957530 elementor-section-content-middle elementor-section-boxed elementor-section-height-default elementor-section-height-default\" data-id=\"33957530\" data-element_type=\"section\">\n            \n                        <div class=\"elementor-container elementor-column-gap-extended \">\n                    <div class=\"elementor-column elementor-col-50 elementor-inner-column elementor-element elementor-element-159aeae2\" data-id=\"159aeae2\" data-element_type=\"column\">\n            <div class=\"elementor-widget-wrap elementor-element-populated\">\n                        \t\t<div class=\"elementor-element elementor-element-1b8b3061 elementor-widget elementor-widget-ct_heading\" data-id=\"1b8b3061\" data-element_type=\"widget\" data-widget_type=\"ct_heading.default\">\n\t\t\t\t<div class=\"elementor-widget-container\">\n\t\t\t<div class=\"ct-heading ct-heading-dot h-align- \" data-wow-duration=\"1.2s\">\r\n\t\t\t<div class=\"item--sub-title style-default\">\r\n            <span>Featured services<\/span>\r\n        <\/div>\r\n\t        <h3 class=\"item--title\">\r\n                    <i class=\"dot-shape\">\r\n                <i><\/i>\r\n                <i><\/i>\r\n                <i><\/i>\r\n                <i><\/i>\r\n                <i><\/i>\r\n                <i><\/i>\r\n            <\/i>\r\n                The fields on which we have given  our servies.    <\/h3>\r\n<\/div>\t\t<\/div>\n\t\t\t\t<\/div>\n\t\t            <\/div>\n        <\/div>\n                <div class=\"elementor-column elementor-col-50 elementor-inner-column elementor-element elementor-element-49a5c6b6\" data-id=\"49a5c6b6\" data-element_type=\"column\">\n            <div class=\"elementor-widget-wrap elementor-element-populated\">\n                        \t\t<div class=\"elementor-element elementor-element-786d1a5a elementor-widget elementor-widget-ct_text_editor\" data-id=\"786d1a5a\" data-element_type=\"widget\" data-widget_type=\"ct_text_editor.default\">\n\t\t\t\t<div class=\"elementor-widget-container\">\n\t\t\t<div id=\"ct_text_editor-786d1a5a\" class=\"ct-text-editor \">\n\t<div class=\"ct-inline-css\"  data-css=\"\n        \">\n    <\/div>\n\t<div class=\"ct-text-editor elementor-clearfix\">To provide <b>consultancy for preparing of all sorts<\/b> of corporate law and any other services as the company may think fit and proper.  <b>Insurance policies<\/b> provide protection to your life and based on the differences in policies it also gives you the opportunity to save money as well. <\/div>\n<\/div>\t\t<\/div>\n\t\t\t\t<\/div>\n\t\t            <\/div>\n        <\/div>\n                            <\/div>\n        <\/section>\n                <section class=\"elementor-section elementor-top-section elementor-element elementor-element-4bd8ab4 elementor-section-boxed elementor-section-height-default elementor-section-height-default\" data-id=\"4bd8ab4\" data-element_type=\"section\">\n            \n                        <div class=\"elementor-container elementor-column-gap-extended \">\n                    <div class=\"elementor-column elementor-col-100 elementor-top-column elementor-element elementor-element-c8b0dfd\" data-id=\"c8b0dfd\" data-element_type=\"column\">\n            <div class=\"elementor-widget-wrap elementor-element-populated\">\n                        \t\t<div class=\"elementor-element elementor-element-bd9fa29 elementor-widget elementor-widget-ct_service_grid\" data-id=\"bd9fa29\" data-element_type=\"widget\" data-widget_type=\"ct_service_grid.default\">\n\t\t\t\t<div class=\"elementor-widget-container\">\n\t\t\t\r\n<div id=\"ct_service_grid-bd9fa29\" class=\"ct-grid ct-service-grid1\" data-layout=\"masonry\" data-start-page=\"1\" data-max-pages=\"2\" data-total=\"11\" data-perpage=\"8\" data-next-link=\"https:\/\/brasilturoperadora.com.br\/site\/index.php\/wp-json\/wp\/v2\/pages\/221\/page\/2\/\">\r\n    <div class=\"ct-grid-overlay\"><\/div>\r\n    \r\n    <div class=\"ct-grid-inner ct-grid-masonry row animate-time\" data-gutter=\"15\">\r\n                        <div class=\"grid-item col-xl-3 col-lg-3 col-md-6 col-sm-6 col-12 \">\r\n                    <div class=\"grid-item-inner \" data-wow-duration=\"1.2s\">\r\n                                                    <div class=\"item--featured\">\r\n                                <a href=\"https:\/\/brasilturoperadora.com.br\/site\/index.php\/service\/porto-de-galinhas\/\"><img decoding=\"async\" width=\"960\" height=\"560\" src=\"https:\/\/brasilturoperadora.com.br\/site\/wp-content\/uploads\/2020\/03\/Praia_do_Forte_Bahia_brasiltur-1.jpg\" class=\"attachment-full\" alt=\"\" srcset=\"https:\/\/brasilturoperadora.com.br\/site\/wp-content\/uploads\/2020\/03\/Praia_do_Forte_Bahia_brasiltur-1.jpg 960w, https:\/\/brasilturoperadora.com.br\/site\/wp-content\/uploads\/2020\/03\/Praia_do_Forte_Bahia_brasiltur-1-300x175.jpg 300w, https:\/\/brasilturoperadora.com.br\/site\/wp-content\/uploads\/2020\/03\/Praia_do_Forte_Bahia_brasiltur-1-768x448.jpg 768w\" sizes=\"(max-width: 960px) 100vw, 960px\" \/><\/a>\r\n                            <\/div>\r\n                                                <div class=\"item--holder\">\r\n                                                            <h3 class=\"item--title\"><a href=\"https:\/\/brasilturoperadora.com.br\/site\/index.php\/service\/porto-de-galinhas\/\">porto de galinhas*<\/a><\/h3>\r\n                                                                                    <div class=\"item--readmore ft-h\">\r\n                                <a href=\"https:\/\/brasilturoperadora.com.br\/site\/index.php\/service\/porto-de-galinhas\/\">+<\/a>\r\n                            <\/div>\r\n                        <\/div>\r\n                    <\/div>\r\n                <\/div>\r\n                            <div class=\"grid-item col-xl-3 col-lg-3 col-md-6 col-sm-6 col-12 \">\r\n                    <div class=\"grid-item-inner \" data-wow-duration=\"1.2s\">\r\n                                                    <div class=\"item--featured\">\r\n                                <a href=\"https:\/\/brasilturoperadora.com.br\/site\/index.php\/service\/aaracaju\/\"><img decoding=\"async\" width=\"960\" height=\"560\" src=\"https:\/\/brasilturoperadora.com.br\/site\/wp-content\/uploads\/2020\/03\/Praia_do_Forte_Bahia_brasiltur-1.jpg\" class=\"attachment-full\" alt=\"\" srcset=\"https:\/\/brasilturoperadora.com.br\/site\/wp-content\/uploads\/2020\/03\/Praia_do_Forte_Bahia_brasiltur-1.jpg 960w, https:\/\/brasilturoperadora.com.br\/site\/wp-content\/uploads\/2020\/03\/Praia_do_Forte_Bahia_brasiltur-1-300x175.jpg 300w, https:\/\/brasilturoperadora.com.br\/site\/wp-content\/uploads\/2020\/03\/Praia_do_Forte_Bahia_brasiltur-1-768x448.jpg 768w\" sizes=\"(max-width: 960px) 100vw, 960px\" \/><\/a>\r\n                            <\/div>\r\n                                                <div class=\"item--holder\">\r\n                                                            <h3 class=\"item--title\"><a href=\"https:\/\/brasilturoperadora.com.br\/site\/index.php\/service\/aaracaju\/\">Aaracaju*<\/a><\/h3>\r\n                                                                                    <div class=\"item--readmore ft-h\">\r\n                                <a href=\"https:\/\/brasilturoperadora.com.br\/site\/index.php\/service\/aaracaju\/\">+<\/a>\r\n                            <\/div>\r\n                        <\/div>\r\n                    <\/div>\r\n                <\/div>\r\n                            <div class=\"grid-item col-xl-3 col-lg-3 col-md-6 col-sm-6 col-12 \">\r\n                    <div class=\"grid-item-inner \" data-wow-duration=\"1.2s\">\r\n                                                    <div class=\"item--featured\">\r\n                                <a href=\"https:\/\/brasilturoperadora.com.br\/site\/index.php\/service\/msc-cruzeiro\/\"><img decoding=\"async\" width=\"1553\" height=\"1001\" src=\"https:\/\/brasilturoperadora.com.br\/site\/wp-content\/uploads\/2021\/10\/MSC-cruzeiros.jpg\" class=\"attachment-full\" alt=\"\" srcset=\"https:\/\/brasilturoperadora.com.br\/site\/wp-content\/uploads\/2021\/10\/MSC-cruzeiros.jpg 1553w, https:\/\/brasilturoperadora.com.br\/site\/wp-content\/uploads\/2021\/10\/MSC-cruzeiros-300x193.jpg 300w, https:\/\/brasilturoperadora.com.br\/site\/wp-content\/uploads\/2021\/10\/MSC-cruzeiros-1024x660.jpg 1024w, https:\/\/brasilturoperadora.com.br\/site\/wp-content\/uploads\/2021\/10\/MSC-cruzeiros-768x495.jpg 768w, https:\/\/brasilturoperadora.com.br\/site\/wp-content\/uploads\/2021\/10\/MSC-cruzeiros-1536x990.jpg 1536w\" sizes=\"(max-width: 1553px) 100vw, 1553px\" \/><\/a>\r\n                            <\/div>\r\n                                                <div class=\"item--holder\">\r\n                                                            <h3 class=\"item--title\"><a href=\"https:\/\/brasilturoperadora.com.br\/site\/index.php\/service\/msc-cruzeiro\/\">MSC Cruzeiro<\/a><\/h3>\r\n                                                                                        <div class=\"item--content\">\r\n                                    MSC Cruzeiro                                <\/div>\r\n                                                        <div class=\"item--readmore ft-h\">\r\n                                <a href=\"https:\/\/brasilturoperadora.com.br\/site\/index.php\/service\/msc-cruzeiro\/\">+<\/a>\r\n                            <\/div>\r\n                        <\/div>\r\n                    <\/div>\r\n                <\/div>\r\n                            <div class=\"grid-item col-xl-3 col-lg-3 col-md-6 col-sm-6 col-12 \">\r\n                    <div class=\"grid-item-inner \" data-wow-duration=\"1.2s\">\r\n                                                    <div class=\"item--featured\">\r\n                                <a href=\"https:\/\/brasilturoperadora.com.br\/site\/index.php\/service\/pullmantur\/\"><img decoding=\"async\" width=\"768\" height=\"512\" src=\"https:\/\/brasilturoperadora.com.br\/site\/wp-content\/uploads\/2021\/10\/Pullmantur-2-1.jpg\" class=\"attachment-full\" alt=\"\" srcset=\"https:\/\/brasilturoperadora.com.br\/site\/wp-content\/uploads\/2021\/10\/Pullmantur-2-1.jpg 768w, https:\/\/brasilturoperadora.com.br\/site\/wp-content\/uploads\/2021\/10\/Pullmantur-2-1-300x200.jpg 300w\" sizes=\"(max-width: 768px) 100vw, 768px\" \/><\/a>\r\n                            <\/div>\r\n                                                <div class=\"item--holder\">\r\n                                                            <h3 class=\"item--title\"><a href=\"https:\/\/brasilturoperadora.com.br\/site\/index.php\/service\/pullmantur\/\">Pullmantur<\/a><\/h3>\r\n                                                                                        <div class=\"item--content\">\r\n                                    Pullmantur                                <\/div>\r\n                                                        <div class=\"item--readmore ft-h\">\r\n                                <a href=\"https:\/\/brasilturoperadora.com.br\/site\/index.php\/service\/pullmantur\/\">+<\/a>\r\n                            <\/div>\r\n                        <\/div>\r\n                    <\/div>\r\n                <\/div>\r\n                            <div class=\"grid-item col-xl-3 col-lg-3 col-md-6 col-sm-6 col-12 \">\r\n                    <div class=\"grid-item-inner \" data-wow-duration=\"1.2s\">\r\n                                                    <div class=\"item--featured\">\r\n                                <a href=\"https:\/\/brasilturoperadora.com.br\/site\/index.php\/service\/navigator-of-the-seas\/\"><img decoding=\"async\" width=\"2048\" height=\"1339\" src=\"https:\/\/brasilturoperadora.com.br\/site\/wp-content\/uploads\/2021\/10\/Navigator-of-the-seas-1.jpg\" class=\"attachment-full\" alt=\"\" srcset=\"https:\/\/brasilturoperadora.com.br\/site\/wp-content\/uploads\/2021\/10\/Navigator-of-the-seas-1.jpg 2048w, https:\/\/brasilturoperadora.com.br\/site\/wp-content\/uploads\/2021\/10\/Navigator-of-the-seas-1-300x196.jpg 300w, https:\/\/brasilturoperadora.com.br\/site\/wp-content\/uploads\/2021\/10\/Navigator-of-the-seas-1-1024x670.jpg 1024w, https:\/\/brasilturoperadora.com.br\/site\/wp-content\/uploads\/2021\/10\/Navigator-of-the-seas-1-768x502.jpg 768w, https:\/\/brasilturoperadora.com.br\/site\/wp-content\/uploads\/2021\/10\/Navigator-of-the-seas-1-1536x1004.jpg 1536w\" sizes=\"(max-width: 2048px) 100vw, 2048px\" \/><\/a>\r\n                            <\/div>\r\n                                                <div class=\"item--holder\">\r\n                                                            <h3 class=\"item--title\"><a href=\"https:\/\/brasilturoperadora.com.br\/site\/index.php\/service\/navigator-of-the-seas\/\">Navigator of the Seas<\/a><\/h3>\r\n                                                                                        <div class=\"item--content\">\r\n                                    Navigator of the Seas                                <\/div>\r\n                                                        <div class=\"item--readmore ft-h\">\r\n                                <a href=\"https:\/\/brasilturoperadora.com.br\/site\/index.php\/service\/navigator-of-the-seas\/\">+<\/a>\r\n                            <\/div>\r\n                        <\/div>\r\n                    <\/div>\r\n                <\/div>\r\n                            <div class=\"grid-item col-xl-3 col-lg-3 col-md-6 col-sm-6 col-12 \">\r\n                    <div class=\"grid-item-inner \" data-wow-duration=\"1.2s\">\r\n                                                    <div class=\"item--featured\">\r\n                                <a href=\"https:\/\/brasilturoperadora.com.br\/site\/index.php\/service\/maragogi-2\/\"><img decoding=\"async\" width=\"500\" height=\"250\" src=\"https:\/\/brasilturoperadora.com.br\/site\/wp-content\/uploads\/2020\/03\/maragogi-600x300-1.jpg\" class=\"attachment-full\" alt=\"\" srcset=\"https:\/\/brasilturoperadora.com.br\/site\/wp-content\/uploads\/2020\/03\/maragogi-600x300-1.jpg 500w, https:\/\/brasilturoperadora.com.br\/site\/wp-content\/uploads\/2020\/03\/maragogi-600x300-1-300x150.jpg 300w\" sizes=\"(max-width: 500px) 100vw, 500px\" \/><\/a>\r\n                            <\/div>\r\n                                                <div class=\"item--holder\">\r\n                                                            <h3 class=\"item--title\"><a href=\"https:\/\/brasilturoperadora.com.br\/site\/index.php\/service\/maragogi-2\/\">Maragogi<\/a><\/h3>\r\n                                                                                        <div class=\"item--content\">\r\n                                    Maragogi \u00e9 uma cidade do estado de Alagoas, no nordeste Brasileiro. A cidade est\u00e1 a cerca de 124 km de Macei\u00f3.                                <\/div>\r\n                                                        <div class=\"item--readmore ft-h\">\r\n                                <a href=\"https:\/\/brasilturoperadora.com.br\/site\/index.php\/service\/maragogi-2\/\">+<\/a>\r\n                            <\/div>\r\n                        <\/div>\r\n                    <\/div>\r\n                <\/div>\r\n                            <div class=\"grid-item col-xl-3 col-lg-3 col-md-6 col-sm-6 col-12 \">\r\n                    <div class=\"grid-item-inner \" data-wow-duration=\"1.2s\">\r\n                                                    <div class=\"item--featured\">\r\n                                <a href=\"https:\/\/brasilturoperadora.com.br\/site\/index.php\/service\/praia-do-forte\/\"><img decoding=\"async\" width=\"960\" height=\"560\" src=\"https:\/\/brasilturoperadora.com.br\/site\/wp-content\/uploads\/2020\/03\/Praia_do_Forte_Bahia_brasiltur-1.jpg\" class=\"attachment-full\" alt=\"\" srcset=\"https:\/\/brasilturoperadora.com.br\/site\/wp-content\/uploads\/2020\/03\/Praia_do_Forte_Bahia_brasiltur-1.jpg 960w, https:\/\/brasilturoperadora.com.br\/site\/wp-content\/uploads\/2020\/03\/Praia_do_Forte_Bahia_brasiltur-1-300x175.jpg 300w, https:\/\/brasilturoperadora.com.br\/site\/wp-content\/uploads\/2020\/03\/Praia_do_Forte_Bahia_brasiltur-1-768x448.jpg 768w\" sizes=\"(max-width: 960px) 100vw, 960px\" \/><\/a>\r\n                            <\/div>\r\n                                                <div class=\"item--holder\">\r\n                                                            <h3 class=\"item--title\"><a href=\"https:\/\/brasilturoperadora.com.br\/site\/index.php\/service\/praia-do-forte\/\">Praia do Forte<\/a><\/h3>\r\n                                                                                        <div class=\"item--content\">\r\n                                    A Praia do Forte \u00e9 uma praia situada no distrito hom\u00f4nimo, no munic\u00edpio de Mata de S\u00e3o Jo\u00e3o, no estado da Bahia, no Brasil                                <\/div>\r\n                                                        <div class=\"item--readmore ft-h\">\r\n                                <a href=\"https:\/\/brasilturoperadora.com.br\/site\/index.php\/service\/praia-do-forte\/\">+<\/a>\r\n                            <\/div>\r\n                        <\/div>\r\n                    <\/div>\r\n                <\/div>\r\n                            <div class=\"grid-item col-xl-3 col-lg-3 col-md-6 col-sm-6 col-12 \">\r\n                    <div class=\"grid-item-inner \" data-wow-duration=\"1.2s\">\r\n                                                    <div class=\"item--featured\">\r\n                                <a href=\"https:\/\/brasilturoperadora.com.br\/site\/index.php\/service\/health-insurance\/\"><img decoding=\"async\" width=\"920\" height=\"613\" src=\"https:\/\/brasilturoperadora.com.br\/site\/wp-content\/uploads\/2020\/03\/recife-brasiltur.jpeg\" class=\"attachment-full\" alt=\"\" srcset=\"https:\/\/brasilturoperadora.com.br\/site\/wp-content\/uploads\/2020\/03\/recife-brasiltur.jpeg 920w, https:\/\/brasilturoperadora.com.br\/site\/wp-content\/uploads\/2020\/03\/recife-brasiltur-300x200.jpeg 300w, https:\/\/brasilturoperadora.com.br\/site\/wp-content\/uploads\/2020\/03\/recife-brasiltur-768x512.jpeg 768w\" sizes=\"(max-width: 920px) 100vw, 920px\" \/><\/a>\r\n                            <\/div>\r\n                                                <div class=\"item--holder\">\r\n                                                            <h3 class=\"item--title\"><a href=\"https:\/\/brasilturoperadora.com.br\/site\/index.php\/service\/health-insurance\/\">Recife<\/a><\/h3>\r\n                                                                                        <div class=\"item--content\">\r\n                                    Recife \u00e9 um munic\u00edpio brasileiro, capital do estado de Pernambuco, localizado na Regi\u00e3o Nordeste do pa\u00eds                                <\/div>\r\n                                                        <div class=\"item--readmore ft-h\">\r\n                                <a href=\"https:\/\/brasilturoperadora.com.br\/site\/index.php\/service\/health-insurance\/\">+<\/a>\r\n                            <\/div>\r\n                        <\/div>\r\n                    <\/div>\r\n                <\/div>\r\n                                <div class=\"grid-sizer col-xl-3 col-lg-3 col-md-6 col-sm-6 col-12\"><\/div>\r\n            <\/div>\r\n                <div class=\"ct-load-more text-center\" data-loadmore=\"{&quot;posttype&quot;:&quot;service&quot;,&quot;startPage&quot;:1,&quot;maxPages&quot;:2,&quot;total&quot;:11,&quot;perpage&quot;:&quot;8&quot;,&quot;nextLink&quot;:&quot;https:\\\/\\\/brasilturoperadora.com.br\\\/site\\\/index.php\\\/wp-json\\\/wp\\\/v2\\\/pages\\\/221\\\/page\\\/2\\\/&quot;,&quot;source&quot;:&quot;&quot;,&quot;orderby&quot;:&quot;ID&quot;,&quot;order&quot;:&quot;desc&quot;,&quot;limit&quot;:&quot;8&quot;,&quot;post_ids&quot;:&quot;&quot;,&quot;col_xl&quot;:3,&quot;col_lg&quot;:3,&quot;col_md&quot;:6,&quot;col_sm&quot;:6,&quot;col_xs&quot;:12,&quot;thumbnail_size&quot;:&quot;full&quot;,&quot;thumbnail_custom_dimension&quot;:{&quot;width&quot;:&quot;&quot;,&quot;height&quot;:&quot;&quot;},&quot;pagination_type&quot;:&quot;loadmore&quot;,&quot;show_title&quot;:&quot;true&quot;,&quot;show_excerpt&quot;:&quot;true&quot;,&quot;num_words&quot;:25,&quot;ct_animate&quot;:&quot;&quot;,&quot;template_type&quot;:&quot;service_layout1&quot;,&quot;tax&quot;:[]}\">\r\n            <span class=\"btn btn-default\">\r\n                <i class=\"fac fac-redo\"><\/i>\r\n                Load more            <\/span>\r\n        <\/div>\r\n    <\/div>\t\t<\/div>\n\t\t\t\t<\/div>\n\t\t            <\/div>\n        <\/div>\n                            <\/div>\n        <\/section>\n        \t\t\t\t<\/div>\n\t\t\t\t\t<\/div>\n\t\t","protected":false},"excerpt":{"rendered":"<p>Featured services The fields on which we have given our servies. To provide consultancy for preparing of all sorts of corporate law and any other services as the company may think fit and proper. Insurance policies provide protection to your life and based on the differences in policies it also gives you the opportunity to [&hellip;]<\/p>\n","protected":false},"author":1,"featured_media":0,"parent":0,"menu_order":0,"comment_status":"closed","ping_status":"closed","template":"","meta":{"footnotes":""},"_links":{"self":[{"href":"https:\/\/brasilturoperadora.com.br\/site\/index.php\/wp-json\/wp\/v2\/pages\/221"}],"collection":[{"href":"https:\/\/brasilturoperadora.com.br\/site\/index.php\/wp-json\/wp\/v2\/pages"}],"about":[{"href":"https:\/\/brasilturoperadora.com.br\/site\/index.php\/wp-json\/wp\/v2\/types\/page"}],"author":[{"embeddable":true,"href":"https:\/\/brasilturoperadora.com.br\/site\/index.php\/wp-json\/wp\/v2\/users\/1"}],"replies":[{"embeddable":true,"href":"https:\/\/brasilturoperadora.com.br\/site\/index.php\/wp-json\/wp\/v2\/comments?post=221"}],"version-history":[{"count":7,"href":"https:\/\/brasilturoperadora.com.br\/site\/index.php\/wp-json\/wp\/v2\/pages\/221\/revisions"}],"predecessor-version":[{"id":4474,"href":"https:\/\/brasilturoperadora.com.br\/site\/index.php\/wp-json\/wp\/v2\/pages\/221\/revisions\/4474"}],"wp:attachment":[{"href":"https:\/\/brasilturoperadora.com.br\/site\/index.php\/wp-json\/wp\/v2\/media?parent=221"}],"curies":[{"name":"wp","href":"https:\/\/api.w.org\/{rel}","templated":true}]}}